
2, 3
Let q(z) = 3*z - 2. Let t be q(6). Suppose -t = -5*v + 19. List the prime factors of v.
7
Let o be 2/8 - (-599)/4. List the prime factors of ((-4)/12)/((-2)/o).
5
Suppose -13 = d + p, 35 = -0*d - 3*d - 2*p. Let h(j) = j**2 + 8*j - 9. Let m be h(d). Suppose -u + 8 = -m. What are the prime factors of u?
2
Let x(u) = -u**3 + 5*u**2 + u + 3. Let a be x(5). Let k = -26 + a. List the prime factors of 4/k + 707/63.
11
Suppose 0 = -4*t - 20, 0*t + 135 = -5*l - t. Suppose -4*j - 3*n - 158 = 0, -2*j - 50 = -4*n + 18. Let h = l - j. List the prime factors of h.
2, 3
Let t be (-2)/(-12)*2*15. Suppose 5*p = -t*o - 5, -p + o - 4*o = 9. What are the prime factors of p?
3
Let w(c) = -c**2 - 5*c + 3. Let f(s) = 2*s**3 + 2*s**2 - 2*s. Suppose 9 = -3*j + 3. Let a be f(j). List the prime factors of w(a).
7
Suppose 2*l - 3*x + 3 = -l, x - 19 = -5*l. What are the prime factors of l?
3
Let v(c) be the third derivative of -c**5/60 - c**4/24 + c**3/6 + 3*c**2. Let n be v(0). What are the prime factors of (n + 5)/((-2)/(-4))?
2, 3
Let w = 1 + 3. Suppose 5*g - w = 51. List the prime factors of g.
11
Let n = 430 - 238. What are the prime factors of n?
2, 3
Let d be 2/(-8) + (-1530)/24. List the prime factors of (-1 + d/12)*-3.
19
Suppose 5*b = 2*n - 7 - 5, 5*n + 4*b - 30 = 0. Suppose -n*z + 15 = -z. List the prime factors of z.
3
Let h(w) = 41*w + 1. Let r be h(1). Suppose 2*d - 16 = -5*s, -5*s = 3*d + d - r. Suppose -d = -u - 2*i, 2*i + 20 = 2*u + 4*i. List the prime factors of u.
7
Let u = 5 + -3. Suppose -95 = -3*m - u*m. List the prime factors of m.
19
Let a(p) = 17*p - 19. What are the prime factors of a(14)?
3, 73
Suppose 0 = c + 2*c - 9. Suppose -v = c*v - 32. Suppose -4 = -3*o + v. What are the prime factors of o?
2
Let b(t) = 2*t + 2. Let q be b(-3). Let m be (16/12)/(q/(-6)). Suppose 0*g + m*g - 18 = 0. What are the prime factors of g?
3
Let r be -3*-3*(-66)/(-27). Let i = r - 11. What are the prime factors of i?
11
Let k(m) = -m**2 - 10*m + 3. Let y be k(-7). List the prime factors of (-1)/(-3 - (-68)/y).
2, 3
Let t(u) = -2*u**3 - 3*u**2 + 2*u + 3. Let h be t(-3). Suppose -3*z + 5*x + 6 = 0, 4*z - z = -5*x - h. Let a = 9 - z. List the prime factors of a.
2, 3
Suppose 2*d + 3 = -d. What are the prime factors of d*(-21 + (-1 - -3))?
19
Let t(n) = -n**2 + 7*n - 3. Let w be t(6). Suppose -w = -2*q + 1. List the prime factors of q.
2
Let i be 0 - 2/(2/(-3)). Suppose -5*h = -4*j + 6, 0*h - 2*h = i*j - 16. Suppose 0 = j*w - 3*k - 27, 3*k + 21 = 3*w + k. What are the prime factors of w?
3
Suppose 4*j + c + c - 454 = 0, -5*j - c = -566. List the prime factors of j.
113
Let u(o) = o**2 + 5*o - 2. What are the prime factors of u(-10)?
2, 3
Let d = -9 - -15. Let o = d - 2. Suppose o*q + 0*q = 44. What are the prime factors of q?
11
Suppose -4*u - 20 = -68. What are the prime factors of 28/8*u/2?
3, 7
Let y be 1 - (-4 - (1 - 2)). Suppose 2*m + y = -0*m - 4*h, 5*h + 18 = 4*m. What are the prime factors of m?
2
Let z(l) be the first derivative of -l**4/24 + 7*l**3/6 - l**2 - 2. Let n(y) be the second derivative of z(y). What are the prime factors of n(0)?
7
Let u(q) = q**2 + q. Let g(x) = -x**3 + 4*x**2 + x - 2. Let n be g(4). Suppose -3 = -3*y + n*y. What are the prime factors of u(y)?
2, 3
Suppose -3*v = 12, 3*v + 82 = 3*r + 2*v. What are the prime factors of r?
2, 13
Let l(b) = b**3 - 5*b**2 + 7*b. Let r be l(3). Suppose -4*g - 20 = 4. List the prime factors of (44/g)/((-2)/r).
11
Suppose -171 = -3*r + 3. What are the prime factors of r?
2, 29
Let z(h) = h**2 + h**3 + 6*h - 2*h**2 - 8*h + 1. What are the prime factors of z(3)?
13
Let b be (10/(-5))/(3/(-3)). What are the prime factors of b*2 - (-10 + 2)?
2, 3
Let t(g) = 10*g**2 - g. Let v be t(-1). Suppose 3*k + v + 7 = 0. Let w = 1 - k. List the prime factors of w.
7
Let p(o) = o - 4. Let t(c) = -c**3 + c + 1. Let n be t(-2). What are the prime factors of p(n)?
3
Suppose 3 - 13 = -x. Let y be 0 + 1 - -1*2. Let q = x - y. What are the prime factors of q?
7
List the prime factors of -291*4/(-12) + 1.
2, 7
Let b(l) = 11*l - 7. List the prime factors of b(3).
2, 13
List the prime factors of (-94)/(-8) - (15/(-12) + 1).
2, 3
Let l(i) = i**3 - 3*i**2 + 4*i - 2. Let t be l(2). Let d(x) = 4 + 4*x**2 - 3*x**t + 2*x + 2*x. What are the prime factors of d(-6)?
2
Let g be (1*9)/((-2)/(-6)). What are the prime factors of (g/(-6) - -3)*-4?
2, 3
Let n = 41 - 9. List the prime factors of n.
2
Let l(p) = p**2 - 5*p + 8. Suppose 2*m + 2*j = 18, -7*m = -2*m - 2*j - 31. List the prime factors of l(m).
2, 11
Let v = 0 + 3. Let b(h) = 4*h - 2*h**3 - 3*h**2 + 1 - 2*h**v - 3*h + 3*h**3. What are the prime factors of b(-4)?
13
Let f(x) = x + 25. List the prime factors of f(18).
43
Let p be (-50)/(-2)*(9 - (-64)/(-8)). Let y(g) = 36*g**2 - 1. Let c be y(-1). Suppose -3*a + c = -p. What are the prime factors of a?
2, 5
List the prime factors of -1 + 0 + 172/4.
2, 3, 7
Suppose n - 7 = 26. What are the prime factors of n?
3, 11
Let o(u) = -21*u - 20. List the prime factors of o(-8).
2, 37
List the prime factors of -1 + (1 - 2)*-173 + -1.
3, 19
Let g(m) = -m**2 - 7*m - 2. Let l be g(-7). Let j(f) = 2*f**2 + 4*f + 3. List the prime factors of j(l).
3
Suppose 5*x = 4*h - 23, -3 = -5*h - 2*x + 1. What are the prime factors of h?
2
Suppose 2*k - 5*k + 9 = 0. Let c be 18/(-4)*(-8)/k. Suppose 0 = -0*o + 3*o - c. What are the prime factors of o?
2
What are the prime factors of (5 + -3 + -25)/((-4)/28)?
7, 23
What are the prime factors of 16/24*387/3?
2, 43
Suppose -4*c = c - 20. Let y(w) = -3*w - c*w + 7*w + 6*w + 1. What are the prime factors of y(2)?
13
What are the prime factors of 20/(-3)*3/(-2)?
2, 5
Let j(b) = -12*b + 1. Let q(w) = 12*w - 1. Let z(k) = 7*j(k) + 6*q(k). Let p be z(1). Let a = 18 + p. What are the prime factors of a?
7
Suppose 4*j = j + 690. List the prime factors of j.
2, 5, 23
Suppose 3*z = -z + 24. Suppose -11 = 5*i - 4*a + z, i - 5*a = -16. List the prime factors of 15/i*12/(-15).
2, 3
Suppose 3*s = -2*s + 15, -2*u = 3*s - 19. Suppose 0 = 2*q - l + u, -q - 3*l + 0*l = -1. List the prime factors of ((-3)/(3/q))/1.
2
Let j(q) = -q**2 + q - 1. Let z(a) = a**2 - 7*a + 6. Let x(r) = -6*j(r) - z(r). Let p be 6/39 + (-11)/(-13). List the prime factors of x(p).
2, 3
Let b be 0/2 + 143/(-11). What are the prime factors of b/(-26) + 118/4?
2, 3, 5
Let f = 2 - 2. Suppose f = 4*u - 4*x + 36, 5*x - 25 = -4*u + 5*u. Let z = u - -7. List the prime factors of z.
2
Suppose 3*y + 3 = -2*v + 18, 0 = y + 5. Suppose -r + v = r - 3*k, -r + 5*k = -25. Suppose -5*o + 2 = 3*w, 2*o + 4 + r = 0. List the prime factors of w.
2
What are the prime factors of (4 + -5 + -65)/(-2)?
3, 11
Let x(z) = 5*z**2 - 9*z + 5. What are the prime factors of x(9)?
7, 47
Suppose 3*b - 4*o - 53 = -0*o, 0 = 4*b + o - 58. What are the prime factors of b?
3, 5
Suppose 5*o - 17 = -7. Let a be (o - 3) + 0 + 4. Suppose a*q - r - 23 = 0, 4*q + 3*r - r = 24. List the prime factors of q.
7
Let t(s) = -s**2 + 6*s - 4. Let v be t(4). Let u(z) = -z**3 - 2*z**2 - 4*z - 2. Let x be u(-2). Suppose v*q - x = 18. What are the prime factors of q?
2, 3
Let b(j) = -2*j - 3*j**2 - 2*j**2 + 3*j**3 + 20 + 2*j + j. Let h(d) = 4*d**3 - 6*d**2 + d + 21. Let r(m) = 5*b(m) - 4*h(m). What are the prime factors of r(0)?
2
Suppose -3*f = f - 2*k - 318, 0 = -f + 4*k + 90. What are the prime factors of f?
2, 3, 13
Let r(y) be the third derivative of -y**6/120 - 11*y**5/60 + y**4/3 - 5*y**3/2 - y**2. What are the prime factors of r(-12)?
3, 11
Let w(y) = -y - 6. Let d be w(-10). Suppose 0 = d*a - 4. Suppose 12 = -3*z, 2*q - 59 = 5*z + a. List the prime factors of q.
2, 5
Let i be (-23 - -15)*2/(-8). Suppose -i*a - 110 = -4*k, -3*a - 40 = k - 2*k. List the prime factors of k.
5
Let j(f) be the first derivative of -1/2*f**2 + 12*f - 3. List the prime factors of j(0).
2, 3
List the prime factors of 2/14*2 + (-10621)/(-91).
3, 13
Let a = 1 + 4. Suppose -5*n - a*y = -51 - 19, 4*y = -n + 5. What are the prime factors of n?
17
Let d = -7 + 10. Suppose -d*x = -4*x + 6. List the prime factors of x.
2, 3
Suppose 0 = -3*z + 4*y + 2, 14 = 3*z - 4*y + 3*y. Suppose 2*c - z*c = 0. Suppose -5*f + 30 = -c*f. List the prime factors of f.
2, 3
Suppose -2*r = r - 30. Let g be (-1 - 2*-59) + 1. List the prime factors of 2/